mmon divisor of o and 90.
30
Suppose i - 4*l + 10 = 0, 9*l - 4*l - 15 = i. What is the highest common factor of 80 and i?
10
Let f = -132 - -609. Suppose 0 = 5*o + z - f, 9*o - 4*o + 4*z - 483 = 0. Let w be -1*1 + o/5. What is the highest common divisor of w and 3?
3
Let y(i) = -7*i + 18. Let p be y(0). Suppose -2*c - 2 + 31 = -5*t, -35 = -3*c - t. Calculate the highest common divisor of p and c.
6
Let l be ((-5)/(-3))/((-6)/(-72)). What is the greatest common factor of l and 4?
4
Suppose -3*w - 4*x + 49 = 3, 28 = w - 5*x. Suppose 0 = v + 14 - 59. What is the highest common factor of v and w?
9
Suppose -314 = -20*c + 566. Calculate the greatest common factor of 44 and c.
44
Suppose 2*m - 3*g = 185, 0*g - 2*g = 4*m - 346. What is the greatest common divisor of m and 8?
8
Let h(j) = -41*j - 2. Suppose -4*g - 5 - 11 = 0. Let k be h(g). Suppose -90 = -9*f + 4*f. What is the greatest common divisor of f and k?
18
Let u = 11 - 50. Let g be 12*(-2 + u/(-6)). Calculate the greatest common divisor of 6 and g.
6
Let u be 0 - 3 - 52/(-4)*2. Suppose j + 353 = 3*m - j, -4*j = -m + 131. Calculate the greatest common factor of u and m.
23
Suppose 2*j = -3*j + 45. Suppose -j = -2*t - 3. Let q be (39/t - 1) + -2. Calculate the highest common factor of q and 1.
1
Suppose -5*y = -5*z + 25, 0*z - 2 = 2*z - 5*y. What is the greatest common divisor of z and 27?
9
Let b be (64/(-20))/(2/(-20)). Suppose -2*g = -2*f - g + b, 2*f = -g + 32. Suppose -200 = -0*j - 5*j. Calculate the highest common factor of f and j.
8
Let x = -10 + 61. Suppose -29*s + 34*s = 1005. Suppose -w + s = x. What is the highest common divisor of w and 15?
15
Suppose -2*c + 3*m = 2, -3*c = 3*m + 18 - 0. Let g be (-2)/(-8) - 359/c. Suppose k + 0*k - g = 0. Calculate the greatest common divisor of k and 10.
10
Let n be 31/(-4)*-2 - (-4)/(-8). What is the highest common factor of n and 165?
15
Let y(m) = m**3 + m**2 - 4*m - 1. Let w be y(2). What is the highest common divisor of w and 3?
3
Suppose -22 = -3*x + h, 4*x - 3*h - 42 = -x. Suppose 4*f - x*f + 198 = 0. What is the highest common factor of 9 and f?
9
Let b(g) = 8*g**3 - 2. Let i be b(3). Suppose -2*x = -5*t + i, 2*t = 2*x + 3*x + 73. What is the greatest common factor of 11 and t?
11
Suppose 4*z = 5*h - 33 - 16, 2*h = -3*z + 15. Let x be 444/h + (-2)/(-3). Let l = -4 + 14. Calculate the highest common factor of l and x.
10
Suppose -3*a - 72 = -264. What is the highest common divisor of 8 and a?
8
Suppose 4*q + 0*q - 16 = 0. Suppose -j + q = -3*j. Let b be (2 + 2)/(j/(-4)). Calculate the highest common divisor of b and 12.
4
Suppose 5*u + 145 = 10*u. Calculate the greatest common divisor of 319 and u.
29
Let p = 48 - 33. Let l = p + 21. What is the highest common divisor of 4 and l?
4
Let p = -8 + 12. Let k be (p/3)/((-3)/(-18)). What is the highest common factor of k and 2?
2
Suppose -3*k + 325 = -107. Calculate the greatest common factor of k and 18.
18
Let y be 0*(-1 + (-1)/(-2)). Suppose -125 = -5*z - y*z. Let c(h) = h**3 + 5*h**2 + 4*h + 5. Let v be c(-4). What is the highest common factor of z and v?
5
Suppose -6*s + 44 = -2*s. Suppose -4*d + 4 = -0*d. Calculate the highest common divisor of d and s.
1
Let p = 50 - 31. Let u = 44 - -51. Suppose 0*b = -b + u. What is the greatest common factor of b and p?
19
Let k(r) = 4*r**2 + 0*r**2 + 11*r**2. Let z be k(-1). Suppose -n - f = -z, 5*n - 48 = -0*n + 4*f. Calculate the highest common factor of n and 30.
6
Let w be (-3)/(-12) - 21/(-12). Suppose w - 4 = -r. Suppose -2*x + g = -145, -3*x - r*g = g - 195. Calculate the greatest common divisor of x and 28.
14
Let v(c) = -17*c**2 + 2*c + 10. Let j be v(-5). Let t(b) = 688*b**2 + b. Let n be t(1). Let q = j + n. What is the highest common factor of 24 and q?
24
Suppose -336 = 3*b + b. Let v be (-2 - (b + -1)) + 1. What is the greatest common factor of v and 12?
12
Let o(d) = 4*d - 6. Let c be o(5). Suppose 4*f - 72 = -4*w - 0*f, 0 = -2*w + 5*f + 8. What is the highest common divisor of w and c?
14
Let s = 20 + -9. Let c(k) = 7*k**3 - 2*k**2 - k - 2. Let n = 0 - -2. Let p be c(n). Calculate the greatest common factor of p and s.
11
Let x(d) = d**2 - 4. Let u be x(-3). Suppose -56 + 8 = -g + 2*s, -u*s - 20 = 0. Calculate the highest common divisor of g and 5.
5
Let g(a) = -2*a**3 + 3*a**2 - 3*a - 8. Let d be g(-4). What is the highest common divisor of d and 72?
36
Let t = 2 + -9. Let g(f) = f**3 + 6*f**2 - 8*f + 9. Let s be g(t). What is the greatest common factor of s and 176?
16
Suppose -o + 4 = 1. Suppose 2*p - 18 = -o*i, -p + 3*i + 24 = 4*p. Suppose u + 45 = p*u. What is the greatest common factor of 1 and u?
1
Suppose -21*r - 9 = -22*r. Let y(f) = -f + 9. Let q be y(4). Suppose 8 = 4*i + 2*x, -11 = -q*i - 0*x - 2*x. What is the greatest common divisor of i and r?
3
Suppose 4*b - 628 = 4*t, 2*t = 5*b - 2*t - 788. Calculate the highest common factor of 16 and b.
16
Suppose 0*g - 16 = -2*g. Calculate the highest common divisor of 24 and g.
8
Suppose 6*r - r = 40. Suppose m - 5*m + 340 = 0. Let n = m - 21. Calculate the highest common divisor of n and r.
8
Suppose 3*m - 14 = 19. What is the greatest common divisor of 187 and m?
11
Suppose m = -3*c + 18, -5*m + 6*m = 3*c - 18. Let y be 40/c + (-2)/(-6). What is the greatest common divisor of y and 63?
7
Suppose 0 = -2*z + 3*j - 5 + 19, 8 = 2*j. What is the greatest common divisor of 143 and z?
13
Suppose 3*u + u + 48 = 4*d, u + 9 = -2*d. Let l = u - -23. Let t be (8*3/6)/1. Calculate the greatest common factor of l and t.
4
Suppose 10 = i + i. Suppose 4*d + d + 10 = 0, 566 = 4*z + i*d. Let l be z/2*(-2)/(-4). Calculate the greatest common factor of l and 9.
9
Suppose 2*r = 4*r - 2. Suppose -5*i + 6 = 2*c - 4*i, c - r = -i. What is the greatest common divisor of c and 20?
5
Let b be 18/5*(-10)/(-6). Calculate the greatest common divisor of b and 18.
6
Suppose 5*y - 447 = 4*r + 428, 3*y = 4*r + 525. Calculate the highest common divisor of y and 25.
25
Let u(a) = a**3 - 2*a + 18. Let b(n) = n - 8. Let y be b(8). Let v be u(y). What is the greatest common divisor of v and 36?
18
Suppose -192 = -9*j + 573. Calculate the greatest common factor of j and 5.
5
Let j(a) = a**3 - 4*a**2 + 5*a - 2. Let z be j(4). Suppose -2*i = -6*i + 24. What is the highest common factor of z and i?
6
Let j(o) = o**2 + 19*o + 21. Let z be j(-19). Suppose -s - 5 + 1 = 0. Let x be 842/5 - s/(-10). What is the highest common factor of z and x?
21
Suppose 0 = -4*n + 4 + 12. Suppose 0 = -x - 0*x - 1, 0 = 2*f + 2*x - 30. Suppose 88 = 2*z + f. What is the highest common factor of z and n?
4
Let p(n) = 23*n**3 - n**2 - n + 1. Let c be (-6)/((-12)/(-4)) - -3. Let k be p(c). Suppose 15 = d - 227. Calculate the greatest common divisor of d and k.
22
Let g be (-4)/8 + (-33)/(-6). Calculate the greatest common factor of 5 and g.
5
Let q = 269 - 110. Suppose v - 145 = 2*i, v = -5*i + q - 14. What is the greatest common factor of v and 29?
29
Let p = -6 + 18. Calculate the highest common factor of 108 and p.
12
Let k be 94/(-611) + 1/(-13)*-145. Calculate the greatest common factor of k and 55.
11
Let u(p) = p**2 + p - 4. Let w be u(-3). Suppose -5*s + n = 5*n - 95, 0 = w*s + 2*n - 38. What is the greatest common divisor of s and 19?
19
Let b(n) = n**3 - n + 40. Let j be b(0). Suppose 4*i - j = 12. Calculate the highest common factor of 104 and i.
13
Let m be (-4)/(-18) + 64/36. Suppose -w + 1 = z - 5*w, -22 = -m*z - 2*w. Calculate the highest common factor of z and 99.
9
Suppose -12*k = -6*k - 72. What is the highest common divisor of 30 and k?
6
Let x(h) = -h**3 + 15*h**2 - 8*h + 15. Let g be x(14). Calculate the highest common divisor of g and 11.
11
Let j = 14 - 12. Let p = -15 + 9. Let t be 12/(1 + 2/p). Calculate the greatest common divisor of t and j.
2
Let f be (1 + 2)/(9/(-12)). Let r be (-597)/(-7) - f/(-14). Let j be 0 + 207/6 + 8/(-16). Calculate the greatest common factor of j and r.
17
Let l(n) = -n**2 + 4*n + 7. Let y be l(5). Suppose -y*h + 42 = h. Calculate the highest common divisor of 14 and h.
14
Let i(t) = -t**2 - t + 3. Let h = 3 + -9. Let v be i(h). Let j = -9 - v. Calculate the highest common factor of 27 and j.
9
Let g = 24 + -14. Suppose -2*j + 4 = -g. What is the greatest common divisor of 63 and j?
7
Let